and 46?
2
Let k(g) = 87 - 6*g + 2*g**2 - 87 + 2*g - g**2. Let r be k(-2). What is the highest common divisor of 84 and r?
12
Let x = -2 + 42. Let g = x + 350. Suppose 3*f - 1058 = -2*c, -3*c - g = -2*f + 311. What is the highest common divisor of f and 32?
32
Let u = 1926 + -1908. Calculate the greatest common factor of 2682 and u.
18
Suppose 688*r - 781*r + 15996 = 0. Calculate the highest common divisor of r and 92.
4
Let b(d) = -7*d + 7*d - 6*d**2 + 4*d + 5. Let i be b(-2). Let s(l) = -3*l - 72. Let y be s(i). What is the greatest common divisor of 1 and y?
1
Suppose 0 = -3*r + 15*r - 24. Suppose -4*l + 5*x = 187, 2*x = r*l + 45 + 47. Let z = -27 - l. Calculate the greatest common factor of 8 and z.
8
Let v(b) = -b**3 + 28*b**2 + 30*b + 11. Let m be v(29). Suppose 3*j - m = -2*j. Let y be (-4)/18*-3*60. What is the highest common divisor of j and y?
8
Let b be 11/(220/17940) - 9. Calculate the greatest common divisor of b and 480.
24
Suppose -3*t - 4*v + 456 + 223 = 0, 0 = 2*t - 5*v - 422. What is the greatest common factor of 325 and t?
13
Let t be (-24)/10*65/(-26). Suppose 0 = -2*q - 4*n + 458, n = -2*q + t*n + 467. What is the highest common factor of q and 11?
11
Let g(x) = 20*x - 70. Let z be g(23). Suppose -5*t = -5*v - 220, -2*t + 4*v = 5*v - 73. What is the greatest common divisor of z and t?
39
Let i = -1891 + 2639. Calculate the highest common divisor of i and 33.
11
Suppose 0 = -20*o + 21*o - 4*v - 1237, -2*v - 5046 = -4*o. What is the highest common factor of 275 and o?
55
Let j be -6*21/(-28) - 25/(-10). Suppose 5*v + 2012 = j*v - 2*w, 3*w = 6. What is the greatest common divisor of v and 14?
14
Suppose 7*u - 10*u = 3. Let z be (u/3)/(-2*(-5)/(-60)). Suppose -5*h = -2*c - 3*h, 3*c - 25 = -z*h. Calculate the highest common divisor of c and 55.
5
Let m(q) = q**2 + 11*q - 102. Let i be m(6). Let j be (-22 - -26) + i + 362. What is the greatest common divisor of 6 and j?
6
Suppose -1597*i + 3060*i = 1575*i - 8064. Let a = 35 - 14. Let n be (-2)/7 + 2274/a. Calculate the highest common divisor of n and i.
36
Let m = -2856 - -2868. Calculate the highest common factor of 1218 and m.
6
Suppose h - 504 = -2*v + 148, 658 = h + 5*v. Calculate the highest common factor of 8856 and h.
216
Let p = 3909 - -1167. What is the greatest common divisor of 47 and p?
47
Suppose -8236 = 118*c - 20528 - 25350. Calculate the highest common factor of c and 11.
11
Suppose 14711 = -15*t - 33*t + 116087. Calculate the highest common divisor of t and 132.
132
Suppose 19*s - 61515 = -19506. Calculate the highest common divisor of s and 66.
33
Let k = 14327 + -12377. What is the highest common factor of 312 and k?
78
Let a(z) = -z**2 - z + 92. Let f be a(-6). Calculate the highest common factor of f and 775.
31
Let q(z) = 41*z - 1. Let b be q(1). Let x(u) = u**2 + 25*u + 34. Let s be x(-26). What is the greatest common divisor of b and s?
20
Suppose 5*l + 5*r = r + 71, 0 = -2*l + 4*r + 34. Suppose l = 7*j - 13. Let a be (1 + -13)/(-1 - 0). What is the greatest common factor of a and j?
4
Suppose -5*c + 443 = 5*a + 373, 48 = 3*c + 2*a. Calculate the greatest common factor of c and 232.
4
Suppose -3*z = 2*x + 153, 5*x - 4*z + 533 = 208. Let k = 71 + x. Let p be (-6)/(-24)*646*k. Calculate the highest common divisor of 17 and p.
17
Suppose -8*c + 1096 = 27*c - 864. Calculate the highest common factor of c and 2086.
14
Let d = 1935 + -837. Calculate the greatest common factor of d and 18.
18
Suppose 5*c - 1639 = l, -15*l + 982 = 3*c - 17*l. Let w = 428 - c. Calculate the greatest common factor of w and 75.
25
Let f(m) = m**3 + 8*m**2 + 2*m. Let o be f(-6). Let j be 25623262/85407 - 8/588. What is the greatest common factor of j and o?
60
Let p(m) = m**2 + 11*m + 37. Let v be p(-7). Suppose -t = -v*t + 144. What is the highest common factor of t and 27?
9
Let t = -636 - -1167. Let q(l) = 14*l**2 - l + 1. Let b be q(-2). What is the greatest common factor of b and t?
59
Let w be (5 - (4 - 36)) + 0. Let u = 79 - -328. What is the greatest common factor of w and u?
37
Suppose s - 2*r - 18 = 0, 5*s + 4*r - 96 = s. Suppose -4*y + 4752 = 20*y. Let h be (-3 - -2 - -2)*y. What is the greatest common divisor of s and h?
22
Suppose 12*t - 44 = 10*t - 5*h, -3*h + 74 = 4*t. Let d be (70/(-25))/((-2)/120). Let z = d + 19. What is the greatest common divisor of t and z?
17
Let i be (-626)/(-4) + (-4)/8. Calculate the highest common divisor of i and 195.
39
Let j(m) = -m**2 + 8*m + 5. Let w = 124 - 120. Let d be j(w). What is the greatest common divisor of d and 42?
21
Let v = 30517 + -29833. What is the greatest common divisor of 1836 and v?
36
Suppose -59*l - 7*l = -924. What is the highest common divisor of l and 889?
7
Let s(g) = 358*g + 15798. Let z be s(-44). Let j be 48 + (-3)/((-3)/(-2)). What is the greatest common factor of j and z?
46
Suppose 0 = -41*n + 8058 + 125913 - 33767. Calculate the greatest common factor of 468 and n.
52
Suppose 5*d + 2*r = -2*r + 34, -4 = -4*r. Suppose 3*q = -1 + 106. Let i = 56 - q. Calculate the greatest common factor of d and i.
3
Suppose 64 = 2*b + 14. Suppose 0 = -22*z + 13*z + 12276. Suppose z = 8*s - 36. What is the highest common factor of b and s?
25
Let b be ((-171)/76)/(((-1)/572)/1). Calculate the greatest common factor of b and 312.
39
Suppose j + 2*x - 2131 = 0, 4*j = -330*x + 334*x + 8608. Calculate the highest common divisor of 375 and j.
15
Suppose -3*l = -5*a + 1074, 2 = a + 5. Let o = l + 399. Calculate the highest common factor of 276 and o.
12
Suppose 10*s - 5*s - 15 = 0. Suppose -857 = -4*y + 5*h, h - 599 = -s*y - 4*h. Calculate the highest common divisor of 16 and y.
16
Let w = -228 + 156. Let b be (-8)/((-6)/w*-1). Suppose 0*s - 102 = -3*s + 2*d, -2*d = 6. What is the greatest common factor of b and s?
32
Let o = -366 - -398. Suppose -o*b + 43*b - 66 = 0. What is the greatest common factor of 21 and b?
3
Suppose -180 = 15*a - 1110. Calculate the highest common divisor of a and 2325.
31
Let d = -82 + 170. Suppose 93*j - d*j = 95. Suppose -21 = -4*a + 55. What is the highest common factor of a and j?
19
Let r be 1 + 7464/20 + 21/(-105). What is the highest common factor of 34 and r?
34
Suppose -1775 = -w + 2*u, 0 = -u - 23 + 20. Calculate the highest common divisor of w and 183.
61
Let k(r) = 2*r + 26. Let z = -15 - 1. Let o(m) = m**2 + 14*m - 9. Let v be o(z). Let l be k(v). What is the greatest common divisor of l and 8?
8
Let v be (12/(-10))/((-3)/90). Suppose -3*c = z - 10 - 34, -c = z - v. Let d = -138 + 218. What is the highest common factor of d and z?
16
Suppose 51 = 5*f + 1. Let n(u) = u**3 - 8*u**2 - 5*u + 3. Let m be n(f). Let i be (51/(-18))/((-5)/30). Calculate the greatest common divisor of m and i.
17
Let t(s) = s**3 - 21*s**2 - 88*s - 45. Let q be 8/(-18) + 229/9. Let c be t(q). Calculate the highest common factor of c and 30.
15
Let b(n) = -n - 7. Let q(o) = o + 9. Let r(a) = -3*b(a) - 2*q(a). Let h be r(17). Calculate the greatest common divisor of 5 and h.
5
Let z be (24/36)/(1/72). Suppose -2*k + d = -337, 2*k - 3*d - 388 = -49. What is the greatest common factor of z and k?
24
Let i(w) = w**2 + 9*w - 13. Let s(z) = -10*z**3 - 1. Let b be s(1). Let k be i(b). Suppose 0*y = 6*y - 594. Calculate the highest common divisor of k and y.
9
Let s(q) = 31 - 11 - 3*q - 14*q + 54 + 41. Let x be s(5). What is the highest common factor of x and 78?
6
Let y(w) = -47*w + 197. Let n be y(-11). What is the highest common divisor of n and 2261?
119
Suppose 50*j = 51*j - 5. Suppose -5*h = 3*w - 1147, j*w - h - 10 = 1911. What is the greatest common factor of w and 12?
12
Suppose -80*f = 184*f - 47451 - 31485. What is the highest common factor of 507 and f?
13
Let f = 348 - 399. Let n be ((f/2)/(-3) + -1)*14. Calculate the highest common factor of 63 and n.
21
Let z(o) = o**2 + o - 8. Let p be z(-4). Let c be 3166/4 - (-2)/p. Let u be ((-3)/5 - -1) + c/120. What is the highest common divisor of u and 21?
7
Suppose 0*n - 6*n = 0. Let j be 6/(-14) - n - 85/(-35). Suppose -5 = -2*k + 3*g + 15, j*k - 4*g - 20 = 0. What is the highest common divisor of k and 90?
10
Let a(s) = 50*s - 8. Let x(q) = -4*q - 4*q + 5 + 4*q**2 - 2*q**2. Let m be x(4). Let j be a(m). What is the highest common divisor of j and 22?
22
Let b = 